{"id":1891,"date":"2026-03-10T19:32:28","date_gmt":"2026-03-10T18:32:28","guid":{"rendered":"https:\/\/goranjuric-design.hr\/?page_id=1891"},"modified":"2026-03-10T19:43:56","modified_gmt":"2026-03-10T18:43:56","slug":"licenca","status":"publish","type":"page","link":"https:\/\/goranjuric-design.hr\/index.php\/licenca\/","title":{"rendered":"Licenca"},"content":{"rendered":"<p>Sve fotografije i grafike na stranici goranjuric-design.hr<br \/>\nza\u0161ti\u0107ene su autorskim pravom.<\/p>\n<p>Autor: Goran Juri\u0107<\/p>\n<p>Kori\u0161tenje fotografija nije dopu\u0161teno bez pisanog odobrenja autora.<br \/>\nZa licenciranje kontaktirajte putem kontakt forme na stranici.<\/p>\n<hr \/>\n<p>All images and visual works on goranjuric-design.hr<br \/>\nare copyrighted by Goran Juric.<\/p>\n<p>Usage or reproduction without permission is not allowed.<\/p>\n<p>For licensing inquiries contact:<br \/>\ninfo@goran-juric.com<\/p>\n","protected":false},"excerpt":{"rendered":"<p>Sve fotografije i grafike na stranici goranjuric-design.hr za\u0161ti\u0107ene su autorskim pravom. Autor: Goran Juri\u0107 Kori\u0161tenje fotografija nije dopu\u0161teno bez pisanog odobrenja autora. Za licenciranje kontaktirajte putem kontakt forme na stranici. All images and visual works on goranjuric-design.hr are copyrighted by Goran Juric. Usage or reproduction without permission is not allowed. For licensing inquiries contact: info@goran-juric.com<\/p>\n","protected":false},"author":1,"featured_media":0,"parent":0,"menu_order":0,"comment_status":"closed","ping_status":"closed","template":"","meta":{"footnotes":""},"class_list":["post-1891","page","type-page","status-publish"],"yoast_head":"<!-- This site is optimized with the Yoast SEO plugin v27.5 - https:\/\/yoast.com\/product\/yoast-seo-wordpress\/ -->\n<title>Licenca - Goran Juric DESIGN<\/title>\n<meta name=\"robots\" content=\"index, follow, max-snippet:-1, max-image-preview:large, max-video-preview:-1\" \/>\n<link rel=\"canonical\" href=\"https:\/\/goranjuric-design.hr\/index.php\/licenca\/\" \/>\n<meta property=\"og:locale\" content=\"hr_HR\" \/>\n<meta property=\"og:type\" content=\"article\" \/>\n<meta property=\"og:title\" content=\"Licenca - Goran Juric DESIGN\" \/>\n<meta property=\"og:description\" content=\"Sve fotografije i grafike na stranici goranjuric-design.hr za\u0161ti\u0107ene su autorskim pravom. Autor: Goran Juri\u0107 Kori\u0161tenje fotografija nije dopu\u0161teno bez pisanog odobrenja autora. Za licenciranje kontaktirajte putem kontakt forme na stranici. All images and visual works on goranjuric-design.hr are copyrighted by Goran Juric. Usage or reproduction without permission is not allowed. For licensing inquiries contact: info@goran-juric.com\" \/>\n<meta property=\"og:url\" content=\"https:\/\/goranjuric-design.hr\/index.php\/licenca\/\" \/>\n<meta property=\"og:site_name\" content=\"Goran Juric DESIGN\" \/>\n<meta property=\"article:modified_time\" content=\"2026-03-10T18:43:56+00:00\" \/>\n<meta name=\"twitter:card\" content=\"summary_large_image\" \/>\n<meta name=\"twitter:label1\" content=\"Procijenjeno vrijeme \u010ditanja\" \/>\n\t<meta name=\"twitter:data1\" content=\"1 minuta\" \/>\n<script type=\"application\/ld+json\" class=\"yoast-schema-graph\">{\"@context\":\"https:\\\/\\\/schema.org\",\"@graph\":[{\"@type\":\"WebPage\",\"@id\":\"https:\\\/\\\/goranjuric-design.hr\\\/index.php\\\/licenca\\\/\",\"url\":\"https:\\\/\\\/goranjuric-design.hr\\\/index.php\\\/licenca\\\/\",\"name\":\"Licenca - Goran Juric DESIGN\",\"isPartOf\":{\"@id\":\"https:\\\/\\\/goranjuric-design.hr\\\/#website\"},\"datePublished\":\"2026-03-10T18:32:28+00:00\",\"dateModified\":\"2026-03-10T18:43:56+00:00\",\"breadcrumb\":{\"@id\":\"https:\\\/\\\/goranjuric-design.hr\\\/index.php\\\/licenca\\\/#breadcrumb\"},\"inLanguage\":\"hr\",\"potentialAction\":[{\"@type\":\"ReadAction\",\"target\":[\"https:\\\/\\\/goranjuric-design.hr\\\/index.php\\\/licenca\\\/\"]}]},{\"@type\":\"BreadcrumbList\",\"@id\":\"https:\\\/\\\/goranjuric-design.hr\\\/index.php\\\/licenca\\\/#breadcrumb\",\"itemListElement\":[{\"@type\":\"ListItem\",\"position\":1,\"name\":\"Po\u010detna stranica\",\"item\":\"https:\\\/\\\/goranjuric-design.hr\\\/\"},{\"@type\":\"ListItem\",\"position\":2,\"name\":\"Licenca\"}]},{\"@type\":\"WebSite\",\"@id\":\"https:\\\/\\\/goranjuric-design.hr\\\/#website\",\"url\":\"https:\\\/\\\/goranjuric-design.hr\\\/\",\"name\":\"Goran Juric DESIGN\",\"description\":\"\",\"publisher\":{\"@id\":\"https:\\\/\\\/goranjuric-design.hr\\\/#\\\/schema\\\/person\\\/f81c47c460cf76c96eb123628d099d18\"},\"potentialAction\":[{\"@type\":\"SearchAction\",\"target\":{\"@type\":\"EntryPoint\",\"urlTemplate\":\"https:\\\/\\\/goranjuric-design.hr\\\/?s={search_term_string}\"},\"query-input\":{\"@type\":\"PropertyValueSpecification\",\"valueRequired\":true,\"valueName\":\"search_term_string\"}}],\"inLanguage\":\"hr\"},{\"@type\":[\"Person\",\"Organization\"],\"@id\":\"https:\\\/\\\/goranjuric-design.hr\\\/#\\\/schema\\\/person\\\/f81c47c460cf76c96eb123628d099d18\",\"name\":\"Goran Juric\",\"image\":{\"@type\":\"ImageObject\",\"inLanguage\":\"hr\",\"@id\":\"https:\\\/\\\/goranjuric-design.hr\\\/wp-content\\\/uploads\\\/2025\\\/11\\\/Goran-Juric-design-Chair-W1c.png\",\"url\":\"https:\\\/\\\/goranjuric-design.hr\\\/wp-content\\\/uploads\\\/2025\\\/11\\\/Goran-Juric-design-Chair-W1c.png\",\"contentUrl\":\"https:\\\/\\\/goranjuric-design.hr\\\/wp-content\\\/uploads\\\/2025\\\/11\\\/Goran-Juric-design-Chair-W1c.png\",\"width\":1687,\"height\":1685,\"caption\":\"Goran Juric\"},\"logo\":{\"@id\":\"https:\\\/\\\/goranjuric-design.hr\\\/wp-content\\\/uploads\\\/2025\\\/11\\\/Goran-Juric-design-Chair-W1c.png\"},\"sameAs\":[\"https:\\\/\\\/goranjuric-design.hr\"]}]}<\/script>\n<!-- \/ Yoast SEO plugin. -->","yoast_head_json":{"title":"Licenca - Goran Juric DESIGN","robots":{"index":"index","follow":"follow","max-snippet":"max-snippet:-1","max-image-preview":"max-image-preview:large","max-video-preview":"max-video-preview:-1"},"canonical":"https:\/\/goranjuric-design.hr\/index.php\/licenca\/","og_locale":"hr_HR","og_type":"article","og_title":"Licenca - Goran Juric DESIGN","og_description":"Sve fotografije i grafike na stranici goranjuric-design.hr za\u0161ti\u0107ene su autorskim pravom. Autor: Goran Juri\u0107 Kori\u0161tenje fotografija nije dopu\u0161teno bez pisanog odobrenja autora. Za licenciranje kontaktirajte putem kontakt forme na stranici. All images and visual works on goranjuric-design.hr are copyrighted by Goran Juric. Usage or reproduction without permission is not allowed. For licensing inquiries contact: info@goran-juric.com","og_url":"https:\/\/goranjuric-design.hr\/index.php\/licenca\/","og_site_name":"Goran Juric DESIGN","article_modified_time":"2026-03-10T18:43:56+00:00","twitter_card":"summary_large_image","twitter_misc":{"Procijenjeno vrijeme \u010ditanja":"1 minuta"},"schema":{"@context":"https:\/\/schema.org","@graph":[{"@type":"WebPage","@id":"https:\/\/goranjuric-design.hr\/index.php\/licenca\/","url":"https:\/\/goranjuric-design.hr\/index.php\/licenca\/","name":"Licenca - Goran Juric DESIGN","isPartOf":{"@id":"https:\/\/goranjuric-design.hr\/#website"},"datePublished":"2026-03-10T18:32:28+00:00","dateModified":"2026-03-10T18:43:56+00:00","breadcrumb":{"@id":"https:\/\/goranjuric-design.hr\/index.php\/licenca\/#breadcrumb"},"inLanguage":"hr","potentialAction":[{"@type":"ReadAction","target":["https:\/\/goranjuric-design.hr\/index.php\/licenca\/"]}]},{"@type":"BreadcrumbList","@id":"https:\/\/goranjuric-design.hr\/index.php\/licenca\/#breadcrumb","itemListElement":[{"@type":"ListItem","position":1,"name":"Po\u010detna stranica","item":"https:\/\/goranjuric-design.hr\/"},{"@type":"ListItem","position":2,"name":"Licenca"}]},{"@type":"WebSite","@id":"https:\/\/goranjuric-design.hr\/#website","url":"https:\/\/goranjuric-design.hr\/","name":"Goran Juric DESIGN","description":"","publisher":{"@id":"https:\/\/goranjuric-design.hr\/#\/schema\/person\/f81c47c460cf76c96eb123628d099d18"},"potentialAction":[{"@type":"SearchAction","target":{"@type":"EntryPoint","urlTemplate":"https:\/\/goranjuric-design.hr\/?s={search_term_string}"},"query-input":{"@type":"PropertyValueSpecification","valueRequired":true,"valueName":"search_term_string"}}],"inLanguage":"hr"},{"@type":["Person","Organization"],"@id":"https:\/\/goranjuric-design.hr\/#\/schema\/person\/f81c47c460cf76c96eb123628d099d18","name":"Goran Juric","image":{"@type":"ImageObject","inLanguage":"hr","@id":"https:\/\/goranjuric-design.hr\/wp-content\/uploads\/2025\/11\/Goran-Juric-design-Chair-W1c.png","url":"https:\/\/goranjuric-design.hr\/wp-content\/uploads\/2025\/11\/Goran-Juric-design-Chair-W1c.png","contentUrl":"https:\/\/goranjuric-design.hr\/wp-content\/uploads\/2025\/11\/Goran-Juric-design-Chair-W1c.png","width":1687,"height":1685,"caption":"Goran Juric"},"logo":{"@id":"https:\/\/goranjuric-design.hr\/wp-content\/uploads\/2025\/11\/Goran-Juric-design-Chair-W1c.png"},"sameAs":["https:\/\/goranjuric-design.hr"]}]}},"_links":{"self":[{"href":"https:\/\/goranjuric-design.hr\/index.php\/wp-json\/wp\/v2\/pages\/1891","targetHints":{"allow":["GET"]}}],"collection":[{"href":"https:\/\/goranjuric-design.hr\/index.php\/wp-json\/wp\/v2\/pages"}],"about":[{"href":"https:\/\/goranjuric-design.hr\/index.php\/wp-json\/wp\/v2\/types\/page"}],"author":[{"embeddable":true,"href":"https:\/\/goranjuric-design.hr\/index.php\/wp-json\/wp\/v2\/users\/1"}],"replies":[{"embeddable":true,"href":"https:\/\/goranjuric-design.hr\/index.php\/wp-json\/wp\/v2\/comments?post=1891"}],"version-history":[{"count":2,"href":"https:\/\/goranjuric-design.hr\/index.php\/wp-json\/wp\/v2\/pages\/1891\/revisions"}],"predecessor-version":[{"id":1893,"href":"https:\/\/goranjuric-design.hr\/index.php\/wp-json\/wp\/v2\/pages\/1891\/revisions\/1893"}],"wp:attachment":[{"href":"https:\/\/goranjuric-design.hr\/index.php\/wp-json\/wp\/v2\/media?parent=1891"}],"curies":[{"name":"wp","href":"https:\/\/api.w.org\/{rel}","templated":true}]}}